{"id":10,"date":"2020-04-14T00:25:38","date_gmt":"2020-04-13T22:25:38","guid":{"rendered":"http:\/\/domainedegregy.fr\/?page_id=10"},"modified":"2023-08-31T09:32:26","modified_gmt":"2023-08-31T07:32:26","slug":"deguster","status":"publish","type":"page","link":"https:\/\/domainedegregy.fr\/index.php\/deguster\/","title":{"rendered":"D\u00e9guster"},"content":{"rendered":"<p>D\u00e9guster les produits du Domaine de Gregy. Hospitalit\u00e9, convivialit\u00e9 et g\u00e9n\u00e9rosit\u00e9.<\/p>\n","protected":false},"excerpt":{"rendered":"<p>D\u00e9guster les produits du Domaine de Gregy. Hospitalit\u00e9, convivialit\u00e9 et g\u00e9n\u00e9rosit\u00e9.<\/p>\n","protected":false},"author":1,"featured_media":62,"parent":0,"menu_order":0,"comment_status":"closed","ping_status":"closed","template":"","meta":{"footnotes":""},"_links":{"self":[{"href":"https:\/\/domainedegregy.fr\/index.php\/wp-json\/wp\/v2\/pages\/10"}],"collection":[{"href":"https:\/\/domainedegregy.fr\/index.php\/wp-json\/wp\/v2\/pages"}],"about":[{"href":"https:\/\/domainedegregy.fr\/index.php\/wp-json\/wp\/v2\/types\/page"}],"author":[{"embeddable":true,"href":"https:\/\/domainedegregy.fr\/index.php\/wp-json\/wp\/v2\/users\/1"}],"replies":[{"embeddable":true,"href":"https:\/\/domainedegregy.fr\/index.php\/wp-json\/wp\/v2\/comments?post=10"}],"version-history":[{"count":2,"href":"https:\/\/domainedegregy.fr\/index.php\/wp-json\/wp\/v2\/pages\/10\/revisions"}],"predecessor-version":[{"id":84,"href":"https:\/\/domainedegregy.fr\/index.php\/wp-json\/wp\/v2\/pages\/10\/revisions\/84"}],"wp:featuredmedia":[{"embeddable":true,"href":"https:\/\/domainedegregy.fr\/index.php\/wp-json\/wp\/v2\/media\/62"}],"wp:attachment":[{"href":"https:\/\/domainedegregy.fr\/index.php\/wp-json\/wp\/v2\/media?parent=10"}],"curies":[{"name":"wp","href":"https:\/\/api.w.org\/{rel}","templated":true}]}}